z(s) = -s**3 + 10*s**2 - 2*s - 12. Suppose -2*b - 11 = -5*r, -3*b + 6*b - 31 = -2*r. Let u be z(b). Suppose -3*w + 62 = -u. What is the tens digit of w?
6
Let w be ((-12)/(-16) + -1)*0. Suppose -8*o + 6*o + 64 = w. What is the tens digit of o?
3
What is the tens digit of 5 + 0 + 1395 + -16?
8
Suppose -f = 3*f - 20. Suppose 0 = -h - f*m + 3, 2*m + 15 = 6*h - h. Suppose r + 5*j = -4*r + 170, -4*r + h*j = -108. What is the units digit of r?
0
Suppose -1 = -f, -3*f + 189 = -5*k + 66. Let c = 11 - 23. What is the tens digit of (-2)/c - 692/k?
2
Let z be 5 - 4*3/12. Suppose -z*x = 654 + 106. What is the units digit of (-2)/(-8) - x/40?
5
Suppose 2*j + 957 = 7*j - 3*l, 2*j - 5*l = 379. What is the tens digit of j?
9
Let q be (-26 - -2)*(-2)/4. What is the units digit of q/(-9)*564/(-8)?
4
Suppose l - 2723 = -2*i, -4*l - 6*i + 10892 = -i. What is the units digit of l?
3
Suppose 0 = -g + 5*b + 1475, -8*g + 3*b = -13*g + 7459. What is the units digit of g?
0
Suppose 16*z - 21*z + 13050 = 2*o, 2*z - 5196 = 4*o. What is the thousands digit of z?
2
Let x be 4/4 - (-5 + 2). Suppose 140 = 3*f - 0*o + 2*o, -x*f + 5*o + 202 = 0. What is the units digit of f?
8
Suppose 2*q = 2*t, 0 = 4*q - 8*q - 5*t + 18. Suppose -x + 3*k = -127, 7*x - k = q*x + 691. What is the units digit of x?
9
Suppose 2*l = -b + 4*b + 1121, -3*l - 4*b + 1673 = 0. What is the tens digit of l?
5
What is the units digit of ((-2570)/6)/((-83)/249)?
5
What is the tens digit of ((-45)/10 - -5)/((-3)/(-9714))?
1
Suppose 0 = -k + 5*k + 60. Let v = k - -17. Suppose 5*d - 2*a - 54 = v*d, d = 3*a + 25. What is the tens digit of d?
1
What is the tens digit of 0 + -1 + 3 - (131 + -397)?
6
Suppose -18*j = -19*j + 638. What is the units digit of j?
8
Let j = -19 + 19. Suppose s + j*s = 3*m - 39, 0 = 4*m + 2*s - 52. What is the tens digit of m?
1
Suppose -6*d = -160 - 2588. What is the tens digit of d?
5
Let l(t) = 4*t**2 + t - 2. Let h be l(-2). Suppose -6*g - h = -0. What is the units digit of ((-8)/16)/(g/12)?
3
Let i(a) = -3*a**3 - 24*a + 2*a**2 + 2*a**3 - 103 + 97 + 19*a**2. What is the tens digit of i(19)?
6
Let d = 1222 + -427. Suppose -5*r + 0*r + 5*s = -d, s + 811 = 5*r. What is the units digit of r?
3
Suppose -2*w - 3900 = -5*w. Suppose 57*a = 53*a + w. What is the hundreds digit of a?
3
Let f = -384 - -643. Suppose 5*c - 1 = f. What is the tens digit of c?
5
Let v(g) = 3*g**3 + 11*g**2 + 5*g - 7. What is the hundreds digit of v(5)?
6
Suppose -11*h - 1 = -10*h. What is the units digit of ((-2)/1 - h) + (42 - -4)?
5
Let m be (-1263)/(-27) + -1 + (-6)/(-27). Suppose 5*g + 5*r = 25, m - 11 = 5*g + 3*r. What is the tens digit of g?
1
Suppose 112278 + 72654 = 66*a. What is the units digit of a?
2
Let s(w) = -w + 564. Let i be s(0). Suppose 5*d = 4*t - 0*t - i, 5*t - 5*d - 700 = 0. What is the units digit of t?
6
Let t be 1888/(-104) - 4/(-26). Let b = -6 + 9. Let p = b - t. What is the units digit of p?
1
Let g(i) = -i**2 + 14*i + 17. Let y(w) = 4*w + 3. Let c be y(-1). Let m = c - -13. What is the tens digit of g(m)?
4
Let i(z) = 17*z**2 - 28*z - 13. What is the tens digit of i(-6)?
6
Let c(j) = j - 11 + 2*j + 2 - 4*j. Let u be c(-10). Suppose 2*r + u = 5. What is the units digit of r?
2
Let k be (2/(-2))/(2/(-22)). Suppose -k = -0*g - g. What is the units digit of (-1)/(1*(-1)/g)?
1
Suppose 272 = -6*x + 5168. What is the hundreds digit of x?
8
Let f(w) be the third derivative of -w**4/8 + 2*w**3/3 - w**2. What is the units digit of f(-4)?
6
Suppose -8*y = -2*y - 24. What is the hundreds digit of 148 + (-24)/6 - y/2?
1
Let o(a) = 2*a**3 + 11*a**2 - 23*a + 2. What is the thousands digit of o(7)?
1
Let j(s) be the second derivative of -s**3/3 + 3*s**2/2 + 3*s - 14. What is the units digit of j(-2)?
7
Suppose -4*c - 3*k + 7 = -19, 0 = 2*k - 4. Suppose 0 = -2*o - 5*b + 2 + 22, -3*o = -c*b - 86. Let j = -13 + o. What is the units digit of j?
9
Let f(l) = 2*l**3 - 27*l**2 - 18*l + 13. What is the tens digit of f(17)?
3
Let x = 571 + -387. What is the units digit of x?
4
Let h = 269 - 182. What is the units digit of h?
7
Let i = 479 + 1214. What is the tens digit of i?
9
Let n be 4*(-1 - 0) - 0. Let s(k) = -15*k + 6. Let j be s(6). What is the units digit of (15/n)/(7/j)?
5
Let a be (-32)/5*(-5 - 0). Suppose a + 28 = 4*q. Suppose 5*l - 4*c - 75 = 0, 4*c - q = -l + 3*c. What is the units digit of l?
5
Suppose 0 = q - 3*c - 4424, 3*c + 6928 = 2*q - 1926. What is the thousands digit of q?
4
Let a = 379 - 243. What is the tens digit of a?
3
Suppose r = -2*b - 0 + 2, 1 = -b - r. Suppose -5*f - 4*v - 226 = 0, -b*f - 146 = v + 4*v. Let w = 82 + f. What is the tens digit of w?
4
Let s(o) = 2*o**2. Let b be s(1). Suppose 14 = 5*d - 11. Let f = d - b. What is the units digit of f?
3
Let i = -49 + 54. Suppose 0*h = -i*p - 3*h + 161, 0 = p - 2*h - 27. What is the units digit of p?
1
Let y(x) = -5*x - 6. Let z be y(-4). Suppose 3*b = 4*d - 48, 2*d - 3*b - 12 = 18. Suppose -75 = -z*k + d*k. What is the tens digit of k?
1
Let m be (-200)/11 + 6/99*3. Let l = 127 + m. What is the hundreds digit of l?
1
Let l(f) = -4*f**3 + 2*f**2 + 2 - f**3 + 2. Let s(k) = -24*k**3 + 11*k**2 + 21. Let u(z) = -11*l(z) + 2*s(z). What is the tens digit of u(2)?
5
Suppose 43 = 2*k + 37. Suppose -k*o + 214 = 4*r, o - 2*r = -3*o + 256. What is the units digit of o?
6
Suppose -4*w = -w - 15, 0 = 4*y + 5*w - 9. Let i = y - 1. Let n(l) = -l**2 - 5*l + 1. What is the units digit of n(i)?
1
What is the hundreds digit of (-85328)/(-20) - (-18)/30?
2
Let l = 43 - -30. Suppose 72*p + 5 = l*p. What is the units digit of p?
5
Suppose -2*k + 41 = -383. Suppose k = 3*w + w. What is the tens digit of w?
5
Suppose 4*j = 8*j - 296. Suppose 2*r - 4*r + 12 = 0. Suppose -4*p = -r*p + j. What is the tens digit of p?
3
Let z = -45 + 23. Let i = z + 26. Suppose 0 = i*r + 3*v - 33, -5*r + 15 + 6 = -3*v. What is the units digit of r?
6
Let b = 70 + -26. Suppose -5*p + 4*h + 77 = 0, 3*p + b = 5*p + 5*h. What is the units digit of p?
7
Let l = 5 + -5. Suppose 5*j + 35 = -l*j. Let b(u) = u**3 + 7*u**2 - 5*u + 4. What is the tens digit of b(j)?
3
Suppose c - 5 + 2 = 0. Suppose c*w - 1184 = -5*w. What is the hundreds digit of w?
1
Let c = 1580 - -270. What is the units digit of c?
0
Suppose -2*f = -3*t + 4, -2*t - 6 = -4*t + 3*f. Suppose -k + 5*k - 476 = t. What is the tens digit of k?
1
Let j be ((-1 - 0) + -2)*1841/(-21). Suppose 5*d = 652 + j. What is the units digit of d?
3
Let v(t) = 3*t**2 - 5*t - 182. What is the tens digit of v(-17)?
7
Suppose -5*y - 1150 = -3*r - 2*r, 10 = -2*r. Let b = y - -399. What is the units digit of b?
4
Suppose 2*h + 195 = 4*h + 5*g, -h + 105 = 4*g. What is the tens digit of 34/h + 186/10?
1
Let c = 48 - 69. Let o = c + 21. Suppose 3*m + o*m - 138 = 0. What is the units digit of m?
6
Let w be (-1 - 0/(-1))/((-2)/302). Let x = -14 + w. What is the tens digit of x?
3
Suppose -9261 = -566*k + 559*k. What is the thousands digit of k?
1
Let f be (24/(-9))/(2/(-15)). Let p be (8/(-16))/((-2)/f). Suppose -7*h + 2*h - 130 = -5*x, -124 = -p*x + 2*h. What is the units digit of x?
4
Suppose 0*c - 3*c - 3 = 3*h, -3*h + 15 = 0. Let f(p) = -p**3 - 5*p**2 - 4*p - 4. Let q be f(c). Suppose -x = x - q. What is the units digit of x?
8
Let f(y) = -y**2 + 5*y + 4. Let t be f(5). Suppose 52 = t*b + 16. What is the units digit of b?
9
Suppose -2*j = 4*w + w - 1978, -3*w = -j - 1189. What is the hundreds digit of w?
3
Suppose 5854 + 1931 = 9*y. What is the hundreds digit of y?
8
Suppose 3*f + t - 2*t - 164 = 0, 3*f + 5*t - 152 = 0. Let p = f - 25. What is the tens digit of p?
2
What is the units digit of ((-350)/(-4))/((-20)/(-320))?
0
Suppose 627 = 10*v - 2233. What is the units digit of v?
6
What is the hundreds digit of (784/24)/((-1)/(-21))?
6
Let a(z) = 1582*z + 132. What is the hundreds digit of a(2)?
2
Suppose -198 = -14*q + 12*q. Let k = q - 67. What is the tens digit of k?
3
Suppose -3*p = -2*t + 83, 3*t + 6 + 18 = -p. What is the units digit of (1 - 0)/(p/(-1350))?
0
Suppose 1 = o - 13. Suppose -m = -1, -o = -5*y - 0*m + m. Suppose -2*p - 41 = -y*p. What is the tens digit of p?
4
Suppose 3*l - 2*l = 4*k + 57, l - 43 = 3*k. Suppose 2*r = y + 25, -2*y + 5*r - 2*r - 48 = 0. Let d = k - y. What is the units digit of d?
7
Suppose -5*w - 22 + 2237 = 0.